{"id":2318,"date":"2022-12-30T11:08:35","date_gmt":"2022-12-30T09:08:35","guid":{"rendered":"https:\/\/www.racingmotorsportparts.com\/?post_type=product&#038;p=2318"},"modified":"2022-12-30T11:09:52","modified_gmt":"2022-12-30T09:09:52","slug":"motul-300v-0w40-competition-2l","status":"publish","type":"product","link":"https:\/\/www.racingmotorsportparts.com\/index.php\/boutique\/oiling\/fluid-oiling\/motul\/motul-300v-0w40-competition-2l\/","title":{"rendered":"Motul 300V 0W40 Competition 2L"},"content":{"rendered":"<p>Sp\u00e9cifications de l&rsquo;Huile Motul 300V Comp\u00e9tition 0W40<\/p>\n<p>La gamme Motul 300V a \u00e9t\u00e9 d\u00e9velopp\u00e9e sp\u00e9cialement pour les voitures de comp\u00e9tition en usage intensif. Elle est destin\u00e9e \u00e0 tous les moteurs de course fortement sollicit\u00e9s, fonctionnant sur une large plage de temp\u00e9ratures et de r\u00e9gimes, essence ou diesel, atmosph\u00e9rique ou compress\u00e9 \u00e0 injection directe, indirecte, ou carburateur.<\/p>\n<p>Les huiles Motul 300V surpassent toutes les normes \u00ab\u00a0comp\u00e9tition\u00a0\u00bb existantes et permettent d\u2019extraire la puissance maximale du moteur, sans compromis sur la fiabilit\u00e9 et l\u2019usure. Elles permettent l\u2019\u00e9tablissement instantan\u00e9 de la pression d\u2019huile en garantissant \u00e0 hautes temp\u00e9ratures une pression d\u2019huile \u00e9lev\u00e9e et une protection moteur exceptionnelle. Les huiles Motul 300V 0W40 absorbent une dilution moyenne de l\u2019huile par le carburant imbrul\u00e9, et r\u00e9sistent longtemps aux oxydations pour assurer une longue dur\u00e9e de vie.<\/p>\n<p>Le grade 0W40 est recommand\u00e9 pour les courses chronom\u00e9tr\u00e9es, de courte\/moyenne distance : rallye, GT.<\/p>\n<p>Pour des performances moteur optimales, \u00e9viter le m\u00e9lange avec d\u2019autres huiles synth\u00e9tiques ou min\u00e9rales. Conditionnement en bidon m\u00e9tallique de 2 litres.<\/p>\n","protected":false},"excerpt":{"rendered":"<div class=\"mh-excerpt\"><p>Sp\u00e9cifications de l&rsquo;Huile Motul 300V Comp\u00e9tition 0W40 La gamme Motul 300V a \u00e9t\u00e9 d\u00e9velopp\u00e9e sp\u00e9cialement pour les voitures de comp\u00e9tition en usage intensif. Elle est <a class=\"mh-excerpt-more\" href=\"https:\/\/www.racingmotorsportparts.com\/index.php\/boutique\/oiling\/fluid-oiling\/motul\/motul-300v-0w40-competition-2l\/\" title=\"Motul 300V 0W40 Competition 2L\">[&#8230;]<\/a><\/p>\n<\/div>","protected":false},"featured_media":0,"comment_status":"open","ping_status":"closed","template":"","meta":[],"product_brand":[],"product_cat":[107,412],"product_tag":[365],"class_list":{"0":"post-2318","1":"product","2":"type-product","3":"status-publish","5":"product_cat-motul","6":"product_cat-brand-sd","7":"product_tag-motul","9":"first","10":"instock","11":"taxable","12":"shipping-taxable","13":"purchasable","14":"product-type-simple"},"yoast_head":"<!-- This site is optimized with the Yoast SEO plugin v27.4 - https:\/\/yoast.com\/product\/yoast-seo-wordpress\/ -->\n<title>Motul 300V 0W40 Competition 2L - Racing Motorsport Parts<\/title>\n<meta name=\"robots\" content=\"index, follow, max-snippet:-1, max-image-preview:large, max-video-preview:-1\" \/>\n<link rel=\"canonical\" href=\"https:\/\/www.racingmotorsportparts.com\/index.php\/boutique\/oiling\/fluid-oiling\/motul\/motul-300v-0w40-competition-2l\/\" \/>\n<meta property=\"og:locale\" content=\"fr_FR\" \/>\n<meta property=\"og:type\" content=\"article\" \/>\n<meta property=\"og:title\" content=\"Motul 300V 0W40 Competition 2L - Racing Motorsport Parts\" \/>\n<meta property=\"og:description\" content=\"Sp\u00e9cifications de l&rsquo;Huile Motul 300V Comp\u00e9tition 0W40 La gamme Motul 300V a \u00e9t\u00e9 d\u00e9velopp\u00e9e sp\u00e9cialement pour les voitures de comp\u00e9tition en usage intensif. Elle est [...]\" \/>\n<meta property=\"og:url\" content=\"https:\/\/www.racingmotorsportparts.com\/index.php\/boutique\/oiling\/fluid-oiling\/motul\/motul-300v-0w40-competition-2l\/\" \/>\n<meta property=\"og:site_name\" content=\"Racing Motorsport Parts\" \/>\n<meta property=\"article:publisher\" content=\"https:\/\/www.facebook.com\/RacingMotorsportParts\" \/>\n<meta property=\"article:modified_time\" content=\"2022-12-30T09:09:52+00:00\" \/>\n<meta name=\"twitter:card\" content=\"summary_large_image\" \/>\n<meta name=\"twitter:label1\" content=\"Dur\u00e9e de lecture estim\u00e9e\" \/>\n\t<meta name=\"twitter:data1\" content=\"1 minute\" \/>\n<script type=\"application\/ld+json\" class=\"yoast-schema-graph\">{\"@context\":\"https:\\\/\\\/schema.org\",\"@graph\":[{\"@type\":\"WebPage\",\"@id\":\"https:\\\/\\\/www.racingmotorsportparts.com\\\/index.php\\\/boutique\\\/oiling\\\/fluid-oiling\\\/motul\\\/motul-300v-0w40-competition-2l\\\/\",\"url\":\"https:\\\/\\\/www.racingmotorsportparts.com\\\/index.php\\\/boutique\\\/oiling\\\/fluid-oiling\\\/motul\\\/motul-300v-0w40-competition-2l\\\/\",\"name\":\"Motul 300V 0W40 Competition 2L - Racing Motorsport Parts\",\"isPartOf\":{\"@id\":\"https:\\\/\\\/www.racingmotorsportparts.com\\\/#website\"},\"datePublished\":\"2022-12-30T09:08:35+00:00\",\"dateModified\":\"2022-12-30T09:09:52+00:00\",\"breadcrumb\":{\"@id\":\"https:\\\/\\\/www.racingmotorsportparts.com\\\/index.php\\\/boutique\\\/oiling\\\/fluid-oiling\\\/motul\\\/motul-300v-0w40-competition-2l\\\/#breadcrumb\"},\"inLanguage\":\"fr-FR\",\"potentialAction\":[{\"@type\":\"ReadAction\",\"target\":[\"https:\\\/\\\/www.racingmotorsportparts.com\\\/index.php\\\/boutique\\\/oiling\\\/fluid-oiling\\\/motul\\\/motul-300v-0w40-competition-2l\\\/\"]}]},{\"@type\":\"BreadcrumbList\",\"@id\":\"https:\\\/\\\/www.racingmotorsportparts.com\\\/index.php\\\/boutique\\\/oiling\\\/fluid-oiling\\\/motul\\\/motul-300v-0w40-competition-2l\\\/#breadcrumb\",\"itemListElement\":[{\"@type\":\"ListItem\",\"position\":1,\"name\":\"Accueil\",\"item\":\"https:\\\/\\\/www.racingmotorsportparts.com\\\/\"},{\"@type\":\"ListItem\",\"position\":2,\"name\":\"Boutique\",\"item\":\"https:\\\/\\\/www.racingmotorsportparts.com\\\/index.php\\\/boutique\\\/\"},{\"@type\":\"ListItem\",\"position\":3,\"name\":\"Motul 300V 0W40 Competition 2L\"}]},{\"@type\":\"WebSite\",\"@id\":\"https:\\\/\\\/www.racingmotorsportparts.com\\\/#website\",\"url\":\"https:\\\/\\\/www.racingmotorsportparts.com\\\/\",\"name\":\"Racing Motorsport Parts\",\"description\":\"Reprogrammateur et distributeur de pi\u00e8ces\",\"publisher\":{\"@id\":\"https:\\\/\\\/www.racingmotorsportparts.com\\\/#organization\"},\"potentialAction\":[{\"@type\":\"SearchAction\",\"target\":{\"@type\":\"EntryPoint\",\"urlTemplate\":\"https:\\\/\\\/www.racingmotorsportparts.com\\\/?s={search_term_string}\"},\"query-input\":{\"@type\":\"PropertyValueSpecification\",\"valueRequired\":true,\"valueName\":\"search_term_string\"}}],\"inLanguage\":\"fr-FR\"},{\"@type\":\"Organization\",\"@id\":\"https:\\\/\\\/www.racingmotorsportparts.com\\\/#organization\",\"name\":\"Racing Motorsport Parts\",\"url\":\"https:\\\/\\\/www.racingmotorsportparts.com\\\/\",\"logo\":{\"@type\":\"ImageObject\",\"inLanguage\":\"fr-FR\",\"@id\":\"https:\\\/\\\/www.racingmotorsportparts.com\\\/#\\\/schema\\\/logo\\\/image\\\/\",\"url\":\"https:\\\/\\\/www.racingmotorsportparts.com\\\/wp-content\\\/uploads\\\/2022\\\/09\\\/cropped-RMP.png\",\"contentUrl\":\"https:\\\/\\\/www.racingmotorsportparts.com\\\/wp-content\\\/uploads\\\/2022\\\/09\\\/cropped-RMP.png\",\"width\":1624,\"height\":542,\"caption\":\"Racing Motorsport Parts\"},\"image\":{\"@id\":\"https:\\\/\\\/www.racingmotorsportparts.com\\\/#\\\/schema\\\/logo\\\/image\\\/\"},\"sameAs\":[\"https:\\\/\\\/www.facebook.com\\\/RacingMotorsportParts\",\"https:\\\/\\\/www.instagram.com\\\/RacingMotorsportParts\"]}]}<\/script>\n<!-- \/ Yoast SEO plugin. -->","yoast_head_json":{"title":"Motul 300V 0W40 Competition 2L - Racing Motorsport Parts","robots":{"index":"index","follow":"follow","max-snippet":"max-snippet:-1","max-image-preview":"max-image-preview:large","max-video-preview":"max-video-preview:-1"},"canonical":"https:\/\/www.racingmotorsportparts.com\/index.php\/boutique\/oiling\/fluid-oiling\/motul\/motul-300v-0w40-competition-2l\/","og_locale":"fr_FR","og_type":"article","og_title":"Motul 300V 0W40 Competition 2L - Racing Motorsport Parts","og_description":"Sp\u00e9cifications de l&rsquo;Huile Motul 300V Comp\u00e9tition 0W40 La gamme Motul 300V a \u00e9t\u00e9 d\u00e9velopp\u00e9e sp\u00e9cialement pour les voitures de comp\u00e9tition en usage intensif. Elle est [...]","og_url":"https:\/\/www.racingmotorsportparts.com\/index.php\/boutique\/oiling\/fluid-oiling\/motul\/motul-300v-0w40-competition-2l\/","og_site_name":"Racing Motorsport Parts","article_publisher":"https:\/\/www.facebook.com\/RacingMotorsportParts","article_modified_time":"2022-12-30T09:09:52+00:00","twitter_card":"summary_large_image","twitter_misc":{"Dur\u00e9e de lecture estim\u00e9e":"1 minute"},"schema":{"@context":"https:\/\/schema.org","@graph":[{"@type":"WebPage","@id":"https:\/\/www.racingmotorsportparts.com\/index.php\/boutique\/oiling\/fluid-oiling\/motul\/motul-300v-0w40-competition-2l\/","url":"https:\/\/www.racingmotorsportparts.com\/index.php\/boutique\/oiling\/fluid-oiling\/motul\/motul-300v-0w40-competition-2l\/","name":"Motul 300V 0W40 Competition 2L - Racing Motorsport Parts","isPartOf":{"@id":"https:\/\/www.racingmotorsportparts.com\/#website"},"datePublished":"2022-12-30T09:08:35+00:00","dateModified":"2022-12-30T09:09:52+00:00","breadcrumb":{"@id":"https:\/\/www.racingmotorsportparts.com\/index.php\/boutique\/oiling\/fluid-oiling\/motul\/motul-300v-0w40-competition-2l\/#breadcrumb"},"inLanguage":"fr-FR","potentialAction":[{"@type":"ReadAction","target":["https:\/\/www.racingmotorsportparts.com\/index.php\/boutique\/oiling\/fluid-oiling\/motul\/motul-300v-0w40-competition-2l\/"]}]},{"@type":"BreadcrumbList","@id":"https:\/\/www.racingmotorsportparts.com\/index.php\/boutique\/oiling\/fluid-oiling\/motul\/motul-300v-0w40-competition-2l\/#breadcrumb","itemListElement":[{"@type":"ListItem","position":1,"name":"Accueil","item":"https:\/\/www.racingmotorsportparts.com\/"},{"@type":"ListItem","position":2,"name":"Boutique","item":"https:\/\/www.racingmotorsportparts.com\/index.php\/boutique\/"},{"@type":"ListItem","position":3,"name":"Motul 300V 0W40 Competition 2L"}]},{"@type":"WebSite","@id":"https:\/\/www.racingmotorsportparts.com\/#website","url":"https:\/\/www.racingmotorsportparts.com\/","name":"Racing Motorsport Parts","description":"Reprogrammateur et distributeur de pi\u00e8ces","publisher":{"@id":"https:\/\/www.racingmotorsportparts.com\/#organization"},"potentialAction":[{"@type":"SearchAction","target":{"@type":"EntryPoint","urlTemplate":"https:\/\/www.racingmotorsportparts.com\/?s={search_term_string}"},"query-input":{"@type":"PropertyValueSpecification","valueRequired":true,"valueName":"search_term_string"}}],"inLanguage":"fr-FR"},{"@type":"Organization","@id":"https:\/\/www.racingmotorsportparts.com\/#organization","name":"Racing Motorsport Parts","url":"https:\/\/www.racingmotorsportparts.com\/","logo":{"@type":"ImageObject","inLanguage":"fr-FR","@id":"https:\/\/www.racingmotorsportparts.com\/#\/schema\/logo\/image\/","url":"https:\/\/www.racingmotorsportparts.com\/wp-content\/uploads\/2022\/09\/cropped-RMP.png","contentUrl":"https:\/\/www.racingmotorsportparts.com\/wp-content\/uploads\/2022\/09\/cropped-RMP.png","width":1624,"height":542,"caption":"Racing Motorsport Parts"},"image":{"@id":"https:\/\/www.racingmotorsportparts.com\/#\/schema\/logo\/image\/"},"sameAs":["https:\/\/www.facebook.com\/RacingMotorsportParts","https:\/\/www.instagram.com\/RacingMotorsportParts"]}]}},"_links":{"self":[{"href":"https:\/\/www.racingmotorsportparts.com\/index.php\/wp-json\/wp\/v2\/product\/2318","targetHints":{"allow":["GET"]}}],"collection":[{"href":"https:\/\/www.racingmotorsportparts.com\/index.php\/wp-json\/wp\/v2\/product"}],"about":[{"href":"https:\/\/www.racingmotorsportparts.com\/index.php\/wp-json\/wp\/v2\/types\/product"}],"replies":[{"embeddable":true,"href":"https:\/\/www.racingmotorsportparts.com\/index.php\/wp-json\/wp\/v2\/comments?post=2318"}],"wp:attachment":[{"href":"https:\/\/www.racingmotorsportparts.com\/index.php\/wp-json\/wp\/v2\/media?parent=2318"}],"wp:term":[{"taxonomy":"product_brand","embeddable":true,"href":"https:\/\/www.racingmotorsportparts.com\/index.php\/wp-json\/wp\/v2\/product_brand?post=2318"},{"taxonomy":"product_cat","embeddable":true,"href":"https:\/\/www.racingmotorsportparts.com\/index.php\/wp-json\/wp\/v2\/product_cat?post=2318"},{"taxonomy":"product_tag","embeddable":true,"href":"https:\/\/www.racingmotorsportparts.com\/index.php\/wp-json\/wp\/v2\/product_tag?post=2318"}],"curies":[{"name":"wp","href":"https:\/\/api.w.org\/{rel}","templated":true}]}}