{"id":1002,"date":"2018-08-01T08:10:48","date_gmt":"2018-08-01T07:10:48","guid":{"rendered":"https:\/\/www.racingmotorsportparts.com\/?post_type=product&#038;p=1002"},"modified":"2022-12-29T20:47:32","modified_gmt":"2022-12-29T18:47:32","slug":"motul-rbf-660-500ml","status":"publish","type":"product","link":"https:\/\/www.racingmotorsportparts.com\/index.php\/boutique\/freinage\/fluid\/motul-rbf-660-500ml\/","title":{"rendered":"Motul RBF 660 &#8211; 500ml"},"content":{"rendered":"<p>Liquide de freins Motul RBF 660 :<\/p>\n<p>Type de produit : Bidon de 500 ml.<br \/>\nQualit\u00e9 : Fluide 100% synth\u00e9tique DOT 4.<br \/>\nPour commande hydraulique de freins et d&#8217;embrayage.<br \/>\nTr\u00e8s haut point d&rsquo;\u00e9bullition: 325\u00b0C \/ 617\u00b0F<br \/>\nConseils d&rsquo;utilisation : NORMES : FMVSS 116 DOT 4 \/ SAE J 1703 \/ ISO 4925<\/p>\n<p>R\u00e9sistance et stabilit\u00e9 thermiques extr\u00eamement \u00e9lev\u00e9es :<br \/>\nLe point d&rsquo;\u00e9bullition tr\u00e8s \u00e9lev\u00e9 (325\u00b0C \/ 617\u00b0F) est sup\u00e9rieur aux fluides conventionnels DOT 5.1 \/ DOT 5 (260\u00b0C \/ 500\u00b0F mini) et DOT 4 (230\u00b0C \/ 446\u00b0F mini).<br \/>\nPermet de conserver l&rsquo;efficacit\u00e9 du freinage m\u00eame lorsque les freins sont extr\u00eamement sollicit\u00e9s.<br \/>\nMeilleures performances a\u00e9rodynamiques des voitures en permettant la r\u00e9duction des entr\u00e9es d&rsquo;air de refroidissement des freins.<\/p>\n<p>Efficacit\u00e9 par temps de pluie :<br \/>\nLe point d&rsquo;\u00e9bullition humide tr\u00e8s \u00e9lev\u00e9 (205\u00b0C \/ 401\u00b0F), sup\u00e9rieur aux fluides conventionnels DOT 5.1 non silicone base (180\u00b0C \/ 356\u00b0F mini) et DOT 4 (155\u00b0C \/ 311\u00b0F mini), permet de conserver l&rsquo;efficacit\u00e9 du freinage par temps de pluie.<br \/>\nLes liquides de freins ont la propri\u00e9t\u00e9 d&rsquo;absorber l&rsquo;humidit\u00e9 de l&rsquo;air, ce qui diminue le point d&rsquo;\u00e9bullition et augmente le risque d&rsquo;apparition du ph\u00e9nom\u00e8ne de \u00ab\u00a0vapor lock\u00a0\u00bb.<br \/>\nLe point d&rsquo;\u00e9bullition humide est mesur\u00e9 apr\u00e8s une humidification du produit avec environ 3.5 % d&rsquo;eau.<\/p>\n<p>Pr\u00e9cautions :<br \/>\nEviter le m\u00e9lange avec des liquides de frein \u00e0 base de polyglycols.<br \/>\nNe pas m\u00e9langer avec les liquides \u00e0 bases min\u00e9rale (LHM) et silicone (DOT 5 silicone base).<br \/>\nProduit chimique agressif vis \u00e0 vis des mains, des peintures et des vernis.<\/p>\n<p>RBF660<\/p>\n","protected":false},"excerpt":{"rendered":"<div class=\"mh-excerpt\"><p>Liquide de freins Motul RBF 660 : Type de produit : Bidon de 500 ml. Qualit\u00e9 : Fluide 100% synth\u00e9tique DOT 4. Pour commande hydraulique <a class=\"mh-excerpt-more\" href=\"https:\/\/www.racingmotorsportparts.com\/index.php\/boutique\/freinage\/fluid\/motul-rbf-660-500ml\/\" title=\"Motul RBF 660 &#8211; 500ml\">[&#8230;]<\/a><\/p>\n<\/div>","protected":false},"featured_media":1003,"comment_status":"open","ping_status":"closed","template":"","meta":[],"product_brand":[],"product_cat":[69,412],"product_tag":[365],"class_list":{"0":"post-1002","1":"product","2":"type-product","3":"status-publish","4":"has-post-thumbnail","6":"product_cat-fluid","7":"product_cat-brand-sd","8":"product_tag-motul","10":"first","11":"instock","12":"taxable","13":"shipping-taxable","14":"purchasable","15":"product-type-simple"},"yoast_head":"<!-- This site is optimized with the Yoast SEO plugin v27.4 - https:\/\/yoast.com\/product\/yoast-seo-wordpress\/ -->\n<title>Motul RBF 660 - 500ml - Racing Motorsport Parts<\/title>\n<meta name=\"robots\" content=\"index, follow, max-snippet:-1, max-image-preview:large, max-video-preview:-1\" \/>\n<link rel=\"canonical\" href=\"https:\/\/www.racingmotorsportparts.com\/index.php\/boutique\/freinage\/fluid\/motul-rbf-660-500ml\/\" \/>\n<meta property=\"og:locale\" content=\"fr_FR\" \/>\n<meta property=\"og:type\" content=\"article\" \/>\n<meta property=\"og:title\" content=\"Motul RBF 660 - 500ml - Racing Motorsport Parts\" \/>\n<meta property=\"og:description\" content=\"Liquide de freins Motul RBF 660 : Type de produit : Bidon de 500 ml. Qualit\u00e9 : Fluide 100% synth\u00e9tique DOT 4. Pour commande hydraulique [...]\" \/>\n<meta property=\"og:url\" content=\"https:\/\/www.racingmotorsportparts.com\/index.php\/boutique\/freinage\/fluid\/motul-rbf-660-500ml\/\" \/>\n<meta property=\"og:site_name\" content=\"Racing Motorsport Parts\" \/>\n<meta property=\"article:publisher\" content=\"https:\/\/www.facebook.com\/RacingMotorsportParts\" \/>\n<meta property=\"article:modified_time\" content=\"2022-12-29T18:47:32+00:00\" \/>\n<meta property=\"og:image\" content=\"https:\/\/www.racingmotorsportparts.com\/wp-content\/uploads\/2018\/08\/rbf660.jpg\" \/>\n\t<meta property=\"og:image:width\" content=\"220\" \/>\n\t<meta property=\"og:image:height\" content=\"237\" \/>\n\t<meta property=\"og:image:type\" content=\"image\/jpeg\" \/>\n<meta name=\"twitter:card\" content=\"summary_large_image\" \/>\n<meta name=\"twitter:label1\" content=\"Dur\u00e9e de lecture estim\u00e9e\" \/>\n\t<meta name=\"twitter:data1\" content=\"2 minutes\" \/>\n<script type=\"application\/ld+json\" class=\"yoast-schema-graph\">{\"@context\":\"https:\\\/\\\/schema.org\",\"@graph\":[{\"@type\":\"WebPage\",\"@id\":\"https:\\\/\\\/www.racingmotorsportparts.com\\\/index.php\\\/boutique\\\/freinage\\\/fluid\\\/motul-rbf-660-500ml\\\/\",\"url\":\"https:\\\/\\\/www.racingmotorsportparts.com\\\/index.php\\\/boutique\\\/freinage\\\/fluid\\\/motul-rbf-660-500ml\\\/\",\"name\":\"Motul RBF 660 - 500ml - Racing Motorsport Parts\",\"isPartOf\":{\"@id\":\"https:\\\/\\\/www.racingmotorsportparts.com\\\/#website\"},\"primaryImageOfPage\":{\"@id\":\"https:\\\/\\\/www.racingmotorsportparts.com\\\/index.php\\\/boutique\\\/freinage\\\/fluid\\\/motul-rbf-660-500ml\\\/#primaryimage\"},\"image\":{\"@id\":\"https:\\\/\\\/www.racingmotorsportparts.com\\\/index.php\\\/boutique\\\/freinage\\\/fluid\\\/motul-rbf-660-500ml\\\/#primaryimage\"},\"thumbnailUrl\":\"https:\\\/\\\/www.racingmotorsportparts.com\\\/wp-content\\\/uploads\\\/2018\\\/08\\\/rbf660.jpg\",\"datePublished\":\"2018-08-01T07:10:48+00:00\",\"dateModified\":\"2022-12-29T18:47:32+00:00\",\"breadcrumb\":{\"@id\":\"https:\\\/\\\/www.racingmotorsportparts.com\\\/index.php\\\/boutique\\\/freinage\\\/fluid\\\/motul-rbf-660-500ml\\\/#breadcrumb\"},\"inLanguage\":\"fr-FR\",\"potentialAction\":[{\"@type\":\"ReadAction\",\"target\":[\"https:\\\/\\\/www.racingmotorsportparts.com\\\/index.php\\\/boutique\\\/freinage\\\/fluid\\\/motul-rbf-660-500ml\\\/\"]}]},{\"@type\":\"ImageObject\",\"inLanguage\":\"fr-FR\",\"@id\":\"https:\\\/\\\/www.racingmotorsportparts.com\\\/index.php\\\/boutique\\\/freinage\\\/fluid\\\/motul-rbf-660-500ml\\\/#primaryimage\",\"url\":\"https:\\\/\\\/www.racingmotorsportparts.com\\\/wp-content\\\/uploads\\\/2018\\\/08\\\/rbf660.jpg\",\"contentUrl\":\"https:\\\/\\\/www.racingmotorsportparts.com\\\/wp-content\\\/uploads\\\/2018\\\/08\\\/rbf660.jpg\",\"width\":220,\"height\":237},{\"@type\":\"BreadcrumbList\",\"@id\":\"https:\\\/\\\/www.racingmotorsportparts.com\\\/index.php\\\/boutique\\\/freinage\\\/fluid\\\/motul-rbf-660-500ml\\\/#breadcrumb\",\"itemListElement\":[{\"@type\":\"ListItem\",\"position\":1,\"name\":\"Accueil\",\"item\":\"https:\\\/\\\/www.racingmotorsportparts.com\\\/\"},{\"@type\":\"ListItem\",\"position\":2,\"name\":\"Boutique\",\"item\":\"https:\\\/\\\/www.racingmotorsportparts.com\\\/index.php\\\/boutique\\\/\"},{\"@type\":\"ListItem\",\"position\":3,\"name\":\"Motul RBF 660 &#8211; 500ml\"}]},{\"@type\":\"WebSite\",\"@id\":\"https:\\\/\\\/www.racingmotorsportparts.com\\\/#website\",\"url\":\"https:\\\/\\\/www.racingmotorsportparts.com\\\/\",\"name\":\"Racing Motorsport Parts\",\"description\":\"Reprogrammateur et distributeur de pi\u00e8ces\",\"publisher\":{\"@id\":\"https:\\\/\\\/www.racingmotorsportparts.com\\\/#organization\"},\"potentialAction\":[{\"@type\":\"SearchAction\",\"target\":{\"@type\":\"EntryPoint\",\"urlTemplate\":\"https:\\\/\\\/www.racingmotorsportparts.com\\\/?s={search_term_string}\"},\"query-input\":{\"@type\":\"PropertyValueSpecification\",\"valueRequired\":true,\"valueName\":\"search_term_string\"}}],\"inLanguage\":\"fr-FR\"},{\"@type\":\"Organization\",\"@id\":\"https:\\\/\\\/www.racingmotorsportparts.com\\\/#organization\",\"name\":\"Racing Motorsport Parts\",\"url\":\"https:\\\/\\\/www.racingmotorsportparts.com\\\/\",\"logo\":{\"@type\":\"ImageObject\",\"inLanguage\":\"fr-FR\",\"@id\":\"https:\\\/\\\/www.racingmotorsportparts.com\\\/#\\\/schema\\\/logo\\\/image\\\/\",\"url\":\"https:\\\/\\\/www.racingmotorsportparts.com\\\/wp-content\\\/uploads\\\/2022\\\/09\\\/cropped-RMP.png\",\"contentUrl\":\"https:\\\/\\\/www.racingmotorsportparts.com\\\/wp-content\\\/uploads\\\/2022\\\/09\\\/cropped-RMP.png\",\"width\":1624,\"height\":542,\"caption\":\"Racing Motorsport Parts\"},\"image\":{\"@id\":\"https:\\\/\\\/www.racingmotorsportparts.com\\\/#\\\/schema\\\/logo\\\/image\\\/\"},\"sameAs\":[\"https:\\\/\\\/www.facebook.com\\\/RacingMotorsportParts\",\"https:\\\/\\\/www.instagram.com\\\/RacingMotorsportParts\"]}]}<\/script>\n<!-- \/ Yoast SEO plugin. -->","yoast_head_json":{"title":"Motul RBF 660 - 500ml - Racing Motorsport Parts","robots":{"index":"index","follow":"follow","max-snippet":"max-snippet:-1","max-image-preview":"max-image-preview:large","max-video-preview":"max-video-preview:-1"},"canonical":"https:\/\/www.racingmotorsportparts.com\/index.php\/boutique\/freinage\/fluid\/motul-rbf-660-500ml\/","og_locale":"fr_FR","og_type":"article","og_title":"Motul RBF 660 - 500ml - Racing Motorsport Parts","og_description":"Liquide de freins Motul RBF 660 : Type de produit : Bidon de 500 ml. Qualit\u00e9 : Fluide 100% synth\u00e9tique DOT 4. Pour commande hydraulique [...]","og_url":"https:\/\/www.racingmotorsportparts.com\/index.php\/boutique\/freinage\/fluid\/motul-rbf-660-500ml\/","og_site_name":"Racing Motorsport Parts","article_publisher":"https:\/\/www.facebook.com\/RacingMotorsportParts","article_modified_time":"2022-12-29T18:47:32+00:00","og_image":[{"width":220,"height":237,"url":"https:\/\/www.racingmotorsportparts.com\/wp-content\/uploads\/2018\/08\/rbf660.jpg","type":"image\/jpeg"}],"twitter_card":"summary_large_image","twitter_misc":{"Dur\u00e9e de lecture estim\u00e9e":"2 minutes"},"schema":{"@context":"https:\/\/schema.org","@graph":[{"@type":"WebPage","@id":"https:\/\/www.racingmotorsportparts.com\/index.php\/boutique\/freinage\/fluid\/motul-rbf-660-500ml\/","url":"https:\/\/www.racingmotorsportparts.com\/index.php\/boutique\/freinage\/fluid\/motul-rbf-660-500ml\/","name":"Motul RBF 660 - 500ml - Racing Motorsport Parts","isPartOf":{"@id":"https:\/\/www.racingmotorsportparts.com\/#website"},"primaryImageOfPage":{"@id":"https:\/\/www.racingmotorsportparts.com\/index.php\/boutique\/freinage\/fluid\/motul-rbf-660-500ml\/#primaryimage"},"image":{"@id":"https:\/\/www.racingmotorsportparts.com\/index.php\/boutique\/freinage\/fluid\/motul-rbf-660-500ml\/#primaryimage"},"thumbnailUrl":"https:\/\/www.racingmotorsportparts.com\/wp-content\/uploads\/2018\/08\/rbf660.jpg","datePublished":"2018-08-01T07:10:48+00:00","dateModified":"2022-12-29T18:47:32+00:00","breadcrumb":{"@id":"https:\/\/www.racingmotorsportparts.com\/index.php\/boutique\/freinage\/fluid\/motul-rbf-660-500ml\/#breadcrumb"},"inLanguage":"fr-FR","potentialAction":[{"@type":"ReadAction","target":["https:\/\/www.racingmotorsportparts.com\/index.php\/boutique\/freinage\/fluid\/motul-rbf-660-500ml\/"]}]},{"@type":"ImageObject","inLanguage":"fr-FR","@id":"https:\/\/www.racingmotorsportparts.com\/index.php\/boutique\/freinage\/fluid\/motul-rbf-660-500ml\/#primaryimage","url":"https:\/\/www.racingmotorsportparts.com\/wp-content\/uploads\/2018\/08\/rbf660.jpg","contentUrl":"https:\/\/www.racingmotorsportparts.com\/wp-content\/uploads\/2018\/08\/rbf660.jpg","width":220,"height":237},{"@type":"BreadcrumbList","@id":"https:\/\/www.racingmotorsportparts.com\/index.php\/boutique\/freinage\/fluid\/motul-rbf-660-500ml\/#breadcrumb","itemListElement":[{"@type":"ListItem","position":1,"name":"Accueil","item":"https:\/\/www.racingmotorsportparts.com\/"},{"@type":"ListItem","position":2,"name":"Boutique","item":"https:\/\/www.racingmotorsportparts.com\/index.php\/boutique\/"},{"@type":"ListItem","position":3,"name":"Motul RBF 660 &#8211; 500ml"}]},{"@type":"WebSite","@id":"https:\/\/www.racingmotorsportparts.com\/#website","url":"https:\/\/www.racingmotorsportparts.com\/","name":"Racing Motorsport Parts","description":"Reprogrammateur et distributeur de pi\u00e8ces","publisher":{"@id":"https:\/\/www.racingmotorsportparts.com\/#organization"},"potentialAction":[{"@type":"SearchAction","target":{"@type":"EntryPoint","urlTemplate":"https:\/\/www.racingmotorsportparts.com\/?s={search_term_string}"},"query-input":{"@type":"PropertyValueSpecification","valueRequired":true,"valueName":"search_term_string"}}],"inLanguage":"fr-FR"},{"@type":"Organization","@id":"https:\/\/www.racingmotorsportparts.com\/#organization","name":"Racing Motorsport Parts","url":"https:\/\/www.racingmotorsportparts.com\/","logo":{"@type":"ImageObject","inLanguage":"fr-FR","@id":"https:\/\/www.racingmotorsportparts.com\/#\/schema\/logo\/image\/","url":"https:\/\/www.racingmotorsportparts.com\/wp-content\/uploads\/2022\/09\/cropped-RMP.png","contentUrl":"https:\/\/www.racingmotorsportparts.com\/wp-content\/uploads\/2022\/09\/cropped-RMP.png","width":1624,"height":542,"caption":"Racing Motorsport Parts"},"image":{"@id":"https:\/\/www.racingmotorsportparts.com\/#\/schema\/logo\/image\/"},"sameAs":["https:\/\/www.facebook.com\/RacingMotorsportParts","https:\/\/www.instagram.com\/RacingMotorsportParts"]}]}},"_links":{"self":[{"href":"https:\/\/www.racingmotorsportparts.com\/index.php\/wp-json\/wp\/v2\/product\/1002","targetHints":{"allow":["GET"]}}],"collection":[{"href":"https:\/\/www.racingmotorsportparts.com\/index.php\/wp-json\/wp\/v2\/product"}],"about":[{"href":"https:\/\/www.racingmotorsportparts.com\/index.php\/wp-json\/wp\/v2\/types\/product"}],"replies":[{"embeddable":true,"href":"https:\/\/www.racingmotorsportparts.com\/index.php\/wp-json\/wp\/v2\/comments?post=1002"}],"wp:featuredmedia":[{"embeddable":true,"href":"https:\/\/www.racingmotorsportparts.com\/index.php\/wp-json\/wp\/v2\/media\/1003"}],"wp:attachment":[{"href":"https:\/\/www.racingmotorsportparts.com\/index.php\/wp-json\/wp\/v2\/media?parent=1002"}],"wp:term":[{"taxonomy":"product_brand","embeddable":true,"href":"https:\/\/www.racingmotorsportparts.com\/index.php\/wp-json\/wp\/v2\/product_brand?post=1002"},{"taxonomy":"product_cat","embeddable":true,"href":"https:\/\/www.racingmotorsportparts.com\/index.php\/wp-json\/wp\/v2\/product_cat?post=1002"},{"taxonomy":"product_tag","embeddable":true,"href":"https:\/\/www.racingmotorsportparts.com\/index.php\/wp-json\/wp\/v2\/product_tag?post=1002"}],"curies":[{"name":"wp","href":"https:\/\/api.w.org\/{rel}","templated":true}]}}